 x?
33
Let p = 21 - 19. Suppose -2*n - 9 = -p*y + 1, 2*y - 9 = 3*n. Suppose 5*k - 148 = 122. Calculate the greatest common divisor of y and k.
6
Suppose -4*y - y + 13 = g, 20 = 2*g + 4*y. Let f = 6 + 1. Suppose -f*b = -2*b - 5*v - 430, 2*v = g. Calculate the greatest common divisor of 10 and b.
10
Let t(h) = 21*h**2 + 6*h + 2. Let s be t(-2). Let m be -1 + s - 15/(5/(-1)). Calculate the greatest common factor of m and 19.
19
Suppose 121 = -3*a + 2*l, -2*a + 0*a - 2*l = 94. Let c = a + 163. What is the greatest common factor of c and 48?
24
Suppose p - 13 = -n, -123*p = -121*p + n - 24. What is the greatest common factor of p and 715?
11
Suppose 32*m - 37*m - 287 = -2*x, -2*m = -4*x + 566. Calculate the highest common factor of x and 6.
3
Let q be 91 - (-70)/50*-5. Calculate the greatest common factor of q and 147.
21
Let g = -369 + 749. Suppose -4*a = g + 32. Let s = 181 + a. Calculate the greatest common factor of 13 and s.
13
Let k = -748 - -1174. Suppose -6*s + 240 = -k. Let b = s + -66. Calculate the greatest common factor of b and 9.
9
Let s(u) = 5*u + 36. Let c be s(-6). Let z(o) = 5*o - 25. Let h be z(c). What is the highest common factor of h and 40?
5
Suppose -i = -5*k + 53, 0*k - i = 4*k - 37. Suppose -24 = -k*u + 9*u. Calculate the highest common factor of u and 60.
12
Let d be (-5*14/105)/((-6)/225). Calculate the greatest common factor of d and 2425.
25
Let k = -68 + 12. Let r = k + 83. What is the greatest common divisor of r and 45?
9
Suppose 0 = -u - u. Suppose 4*f = -16, -2*t - 1 = f - 17. Let z be (u + 4/t)*115. Calculate the highest common divisor of z and 115.
23
Let r = 54 + -54. Let f be (1*(-1 + 3) - r) + 13. Calculate the greatest common factor of f and 45.
15
Let j(r) = -5*r**3 - 7*r**2 - 22*r - 71. Let l be j(-4). What is the greatest common divisor of l and 150?
75
Suppose 0*x = 2*x - 22. Suppose -4*m + 66 = 22. Let s = 11 + m. Calculate the greatest common factor of s and x.
11
Suppose -2*v + 31 - 9 = 2*j, -3*j + 5*v + 41 = 0. Suppose -3*u + 14 = -m - 37, -3*m + 9 = 0. Calculate the highest common divisor of u and j.
6
Let g(p) = 3*p**2 + 2*p - 9. Let o be g(3). What is the greatest common divisor of o and 16?
8
Suppose 4 = -4*c - 4. Let b(h) = -h**3 - h**2 + 2*h. Let g be b(c). Let f be (g - -3) + (-2 - -5). What is the highest common divisor of f and 12?
6
Suppose -4*d + 51 = k, k - 28 - 15 = -2*d. Calculate the highest common factor of 2240 and k.
35
Let w(b) = -2*b + 18. Let g be w(7). Let l be 366/7 + 0 - g/14. Calculate the highest common factor of 26 and l.
26
Suppose -14 = -5*z - 9*z. Suppose -5*j = -4*d - 5, -j + 0*d = -5*d - z. Calculate the greatest common divisor of j and 4.
1
Let j = 35 + 37. Let s(z) = 43*z**2 - 6*z - 4. Let c(q) = -q - 22. Let k be c(-20). Let h be s(k). Calculate the greatest common divisor of j and h.
36
Let c = -19 + 41. Let g = c - 42. Let o = g - -24. What is the highest common divisor of o and 4?
4
Let a be 2/(-8) - 6/(-24). Let l be 2/6 + -28*2/(-12). Suppose a*z - z + 7 = l*k, -5*z + 3*k + 147 = 0. What is the greatest common divisor of 9 and z?
9
Let v(w) = -w**2 + 42*w - 399. Let x be v(18). Calculate the greatest common factor of x and 93.
3
Suppose q = 4*j + 4, j + 0*j + 39 = 5*q. Suppose 2*x + 42 = q*x. Calculate the greatest common divisor of 35 and x.
7
Suppose -2*z - 2 = -4*f, 0 = -2*z - z + 4*f + 3. Suppose 3*w = 2*a + 56, 0*a + 19 = 2*w - z*a. Calculate the highest common divisor of 132 and w.
22
Let p(y) = -y**2 + 18*y - 53. Let b be p(7). What is the highest common factor of 216 and b?
24
Let d be 320/(-8 + (-378)/(-45)). What is the highest common factor of d and 32?
32
Let u = -825 + 1158. What is the greatest common divisor of u and 444?
111
Let r be ((-217)/62)/(2/(-12)). Calculate the greatest common divisor of 357 and r.
21
Suppose 683 + 361 = 12*b. Calculate the highest common divisor of 116 and b.
29
Suppose 0*q - 16 = -2*l + 2*q, -3*l = -q - 20. Suppose -3*b + l = -0*b. Let f be b + 6*3/6. What is the greatest common factor of 55 and f?
5
Let u be 14256/110 + (-4)/(-10). Let f = 234 - u. What is the greatest common factor of f and 8?
8
Suppose 10 = 2*u + 4*d - 0, 0 = -u - 3*d. Let j = 1081 - 747. Let f = j + -214. Calculate the highest common divisor of u and f.
15
Let b(s) = -s**3 + 10*s**2 - 9*s - 11. Let n be b(9). Let f = 36 + n. Suppose -v + 2*r = -f, 0*r + 3 = -3*r. Calculate the highest common divisor of 184 and v.
23
Suppose 2*r - 4 = 3*r, r = -2*g + 194. What is the highest common divisor of g and 9?
9
Let a = -52 + 52. Suppose a = -4*g + 3*g + 4*t + 42, 0 = -3*g - 3*t + 171. Suppose -12 = -3*s + 6. What is the highest common divisor of s and g?
6
Let f = -59 + 195. What is the highest common divisor of f and 16?
8
Suppose -3*r = -r - 68. Suppose -r = -3*n - 7. Let x(s) = -s + 9. Let q be x(0). Calculate the greatest common divisor of q and n.
9
Let o(n) = n**3 + 2*n**2 - 2*n - 7. Let k be o(-3). Let a be ((-2145)/k)/3 - 2/(-4). Calculate the highest common divisor of 9 and a.
9
Let o(a) = a + 9. Suppose 4 = 5*y + 39. Let w be o(y). Suppose -w*q = -17 - 15. Calculate the highest common divisor of q and 32.
16
Suppose 5*a - 12 = -2*o, -2*o + 5*o + 2*a - 7 = 0. Calculate the highest common divisor of o and 61.
1
Suppose 5*f + 2*z - 498 + 411 = 0, 4*f - z = 54. Let l be 0 + (8 - -2) + 2. Calculate the greatest common factor of l and f.
3
Suppose 0 = 2*j - 2*i, -2*j - 2*i - 3 = -j. Let t be j/(((-16)/28)/(-4)). Let w = t - -14. Calculate the highest common divisor of w and 14.
7
Suppose a + 2*x - 1 - 109 = 0, 0 = -x. Calculate the highest common divisor of a and 187.
11
Let s(z) = 3*z**2 - 8*z + 6. Let f be s(6). Suppose -5*d + 24 = -f. Let t = 83 - d. What is the highest common divisor of 26 and t?
13
Suppose -176 = -15*q + 19. Let u be (3 + (-17)/5)*-130. Calculate the greatest common factor of q and u.
13
Let h = -233 - -278. Calculate the highest common factor of 5 and h.
5
Let j be (-6)/(-12) + (-180)/(-8) + -2. What is the highest common factor of j and 147?
21
Suppose 0 = -4*g - 4*n + 120, -29 = n - 31. Suppose -4*o + 7*o - 24 = 0. Calculate the highest common factor of o and g.
4
Let u(v) = -v**3 + 6*v**2 + 5*v - 12. Let h be u(3). What is the greatest common divisor of 18 and h?
6
Suppose 9*m - 10*m = 0. Suppose m*a = -4*a + 116. Suppose -2*n + a + 323 = 0. Calculate the greatest common factor of 16 and n.
16
Suppose -14 = -12*k - 2. Calculate the greatest common factor of 2 and k.
1
Suppose 3*x + 990 = 25*x. Calculate the highest common factor of x and 495.
45
Let h be (1*2)/((-1)/(-1)). Suppose 155 = -5*s - 4*a + 451, -5*s - h*a = -288. Calculate the highest common divisor of s and 42.
14
Let j = 18 - 14. Suppose 0 = -y + 3*h + 16 + 106, -4*y - j*h + 424 = 0. Calculate the highest common divisor of y and 22.
22
Let j(t) = t + 1 + 1 - 5 + t**2 + 2. Suppose -4*b - 5*x + 3 = -2*x, 2*b + 6 = -4*x. Let k be j(b). What is the greatest common factor of 1 and k?
1
Let v = 15 - 12. Let d be 3 - v - 0 - -2. Suppose 5*a = 5*b - 65, 10*b - 5*b + d*a = 44. What is the greatest common divisor of b and 2?
2
Suppose k + 37 = 3*h + h, 4*k - 12 = 0. Suppose h*x - 172 = -52. What is the greatest common factor of 48 and x?
12
Suppose t = -t - 8. Let q(i) = 9*i**2 + 9. Let y be q(t). Suppose -3*a + 4*o = -103 - y, -2*a = 5*o - 140. What is the greatest common factor of 16 and a?
16
Let l(g) = -g**3 - 27*g**2 - 27*g - 2. Let p be l(-26). What is the greatest common factor of 324 and p?
12
Let p(j) = 3*j + 50. Let a be p(-14). Suppose -3*z + r = -0*r - 43, -3*r = 3*z - 63. Calculate the greatest common divisor of a and z.
8
Let f be -1*(-7 - -7)*(-2)/(-6). Suppose f*v + 11*v = 330. Calculate the highest common factor of v and 6.
6
Let i be 33/(3 + (-260)/90). Calculate the greatest common factor of 55 and i.
11
Let t(j) = -5*j**3 - 2*j**2 - 10*j - 28. Let r be t(-3). Calculate the highest common factor of r and 21.
7
Let r = -5 - -12. Let v = -3 - -7. Suppose -u + 0*n + 5*n = -31, -8 = v*n. Calculate the greatest common factor of r and u.
7
Let l(w) = -w + 11. Suppose 4*c - 12 = 16. Let n be l(c). Suppose -2*j + 0*h - 2*h = -4, -5*h - 6 = -3*j. Calculate the highest common divisor of j and n.
2
Let i(l) = -111*l + 198. Let p be i(-6). What is the greatest co